{"id":33,"date":"2016-03-04T19:35:48","date_gmt":"2016-03-04T19:35:48","guid":{"rendered":"http:\/\/csklangkunst.lima-city.de\/?page_id=33"},"modified":"2018-09-24T07:41:56","modified_gmt":"2018-09-24T07:41:56","slug":"produktionen","status":"publish","type":"page","link":"https:\/\/christoph-schumacher-klangkunst.de\/?page_id=33","title":{"rendered":"Produktionen"},"content":{"rendered":"<p>\u00dcber die Jahre habe ich mit zahlreichen, sehr unterschiedlichen K\u00fcnstlern zusammengearbeitet, erw\u00e4hnt seien hier (in alphabetischer Abfolge) K\u00fcnstler, mit denen ich mehrfach zusammengearbeitet habe: Christian Bollmann, Enrique Diaz, Donatus Haus, Pilars de Pilar, Regina Sommer, mansarde77, Markus Stockhausen, Romeo Tudurache, Christiane Willms.<br \/>\nAus der Zusammenarbeit sind viele CDs hervorgegangen, die in Aufnahme und\/oder Schnitt sowie Mastering von mir realisiert wurden.<br \/>\nIm Folgenden eine Auswahl:<\/p>\n<p>Fred Hageneder, The Silence of Trees.<br \/>\n2014 fred hageneder<\/p>\n<p>Regina Sommer erz\u00e4hlt \u201eGrimm M\u00e4rchen\u201c<br \/>\n2011 Regina Sommer<\/p>\n<p>Was der Truthahn kann. Christiane Willms erz\u00e4hlt.<br \/>\nChristiane Willms 2010<\/p>\n<p>Olivers Abenteuer. Eine musikalische Geschichte f\u00fcr Kinder von Markus Stockhausen.<br \/>\nAktivraum 2010<\/p>\n<p>G\u00f6ttliche Ges\u00e4nge. Diesseits und jenseits von Konfessionen. Josephine Pilars de Pilar \u2013 Sopran, Elena Janzen \u2013 Harfe.<br \/>\n2010 G\u00f6ttliche Ges\u00e4nge<\/p>\n<p>mansarde77, avantgarde \u2013 deutsch &#8211; pop, Bitte bleib sitzen.<br \/>\n2010 mansarde77<\/p>\n<p>Markus Stockhausen, Symphonic Colours<br \/>\nAktivraum 2009<\/p>\n<p>Daniel Namkhay und Christian Bollmann, Shaman. Lichthaus Musik 2009<\/p>\n<p>Markus Stockhausen: in Deiner N\u00e4he \u2013 Close to you. Mitschnitte von Solo- und Duokonzerten des Jahres 2000. Aktivraum 2008.<\/p>\n<p>Markus Stockhausen, Abendgl\u00fchen \u2013 Evening Glow. Aufnahme in der Waldorfschule Erftstadt am 10. November 2007.<br \/>\nAktivraum 2008<\/p>\n<p>Healing Buddha Oratory- A lovesong for Tibet. Sound ritual and meditation for overtone choir and instrumental ensemble. Christian Bollmann und der Obertonchor-D\u00fcsseldorf.<br \/>\nLichthaus-Musik 2008<\/p>\n<p>Electric Treasures. Aufgenommen live in Bonn in der Kunst- und Ausstellungshalle der BRD am 21. September 2007. Aktivraum 2008<\/p>\n<p>Enrique Diaz &amp; friends.<br \/>\nKlangkunst 2006<\/p>\n<p>Zen Jazz. CD 1: G\u00fcnter M\u00fcller und Christian Bollmann, CD 2: Christian Bollmann und Ufo Walter mit Christoph Schumacher.<br \/>\nLichthaus-Musik 2005<\/p>\n<p>Alessandro Scarlatti, Johannes-Passion<br \/>\nKirchenchor St. Bonaventura Remscheid-Lennep unter der Leitung von Georg Schumacher<br \/>\nAufgenommen am 20. M\u00e4rz 2005 in St. Bonaventura, Remscheid-Lennep<br \/>\nEigenverlag<\/p>\n<p>Christian Bollmann, Aquarian Flow. Musiker: Michael Reimann, Stefan Heidtmann, U.F.O. Walter, Christoph Schumacher, Sabine von Baaren, Evelyn Esser, Christa Lotz-Hilger<br \/>\nLichthaus-Musik 2003 ??\ufffd<\/p>\n<p>Die Melodie der kn\u00f6chernen Fl\u00f6te. Eine Sage aus den Anden verbunden mit der G\u00f6tterwelt der Inkas!<br \/>\nErz\u00e4hlerin: Regina Sommer, Komponist, Musiker, S\u00e4nger: Enrique Diaz<br \/>\n\ufffd\ufffd\ufffd<\/p>\n<p>Sai Bhajans, 7 CDs<br \/>\nSathya Sai Vereinigung e.V. \ufffd\ufffd<\/p>\n<p>Agua e vinho. S\u00fcdamerikanische Impressionen. Wolfgang Castner &amp; Ralf Hollnack.<br \/>\nAgua e Vinho 2001<\/p>\n<p>Johann Sebastian Bach, Weihnachtsoratorium<br \/>\nKonzertmitschnitte vom 29.12.2001 und 28.12. 2002 aus St. Andeas, K\u00f6ln<br \/>\n2003 Musick\u2019s Handmade e.V.<\/p>\n<p>Christian Bollmann, Pow! Stimmenzyklus und Ch\u00f6re zu Antigone. Oberton-Chor D\u00fcsseldorf und Jhavemirc Theater. Lichthaus-Musik 2003<\/p>\n<p>MaJo &amp; Chris. Mit Kopf, Fu\u00df, Herz und Hand<br \/>\nGesungen und gespielt von Markus Gnida, Joerg Schlichtmann, Christian Gr\u00f6ger<br \/>\n\ufffd\ufffd<\/p>\n<p>Thomas Heinrich Schm\u00f6ckel, ExTension. Obertongesang und Gong-Klang-Reise.<br \/>\nHyndricks Musik 2002<\/p>\n<p>Thomas Heinrich Schm\u00f6ckel, Stimmwechsel.<br \/>\nHyndricks Musik 2002<\/p>\n<p>Kyai Sabda, Javanische Gamelan-Music, 2002<br \/>\nKonzertmitschnitte vom 9. und 28. Juni 2002 im Rautenstrauch-Joest-Museum, K\u00f6ln<\/p>\n<p>David Ianni, Christian Bollmann, Oberton-Chor D\u00fcsseldorf, Om mani oadme hum, Gayatri-Zyklus, Thy light is in all forms.<br \/>\nLichthaus Musik 2001<\/p>\n<p>Kinduku live &amp; Kumasi Spiritual Choir. Selbstverlag 2001<\/p>\n<p>De Kallendresser, Nor eimol K\u00f6lle jitt &#8230;De Kallendressr 2001<\/p>\n<p>Christian Bollmann, Requiem Bardo. Lichthaus-Musik 2000<\/p>\n<p>Markus Stockhausen, Solo I. Aktivraum 2000<\/p>\n<p>Christian Bollmann, Elemente. Feuer \u2013 Erde \u2013 Wasser \u2013 Luft. Lichthaus Musik 2000 \ufffd\ufffdBeteiligung ???\ufffd\ufffd<\/p>\n<p>Aruna, Thousand names of the Divine Mother, 1999 Lichthaus-Musik CD<br \/>\nRemix Maxisingle.<\/p>\n<p>Gesund Tr\u00e4umen. Die sch\u00f6nsten Traumreisen mit G\u00fcnther Feyler und Christian Bollmann.<br \/>\nLichthaus-Musik 1999<\/p>\n<p>Sph\u00e4renmusik. Musik zur Offenbarung.\ufffd\ufffd<br \/>\nKonzertmitschnitt unter Mitwirkung von Karl-Heinz-Stockhausen, Donatus Haus und Markus Stockhausen<\/p>\n<p>Hallo ihr S\u00e4ugetiere. Kabarett und Songs mit Hanns Dieter H\u00fcsch, Ruhama und Freunden. tvd-Verlag 1998<\/p>\n<p>Ein Bouquet de Notes en Avril. Isabelle Hibon \u2013 flute; Johannes Quack \u2013 Orgel. Konzertmitschnitt am 23. April 1998 n der Antoniter-Kirche, K\u00f6ln. Klangkunst 1998<br \/>\nZephyros. Barockduo Orgel (Donatus Haus) und Fl\u00f6te (Tatsuya Mochizuki). Aufnahmen am 12. und 13. Mai 1997 in St. Margareta in Br\u00fchl. \ufffd 1997<\/p>\n<p>Abwun\u00ab<br \/>\nDas Vaterunser in aram\u00e4ischer Sprache nach Melodien von Neil Douglas Klotz, arrangiert f\u00fcr den Oberton-Chor D\u00fcsseldorf von Christian Bollmann.<br \/>\n1997 Lichthaus-Musik CD<\/p>\n<p>Bach &#8211; Wilhelm Friedmann, Carl Philipp Emmanuel, Johann Michael, Johann Ernst, Johann Sebastian. Fl\u00f6te: Isabelle Hibon, Orgel Johannes Quack.<br \/>\nKlangkunst-Produktion 1997<\/p>\n<p>Joachim-Ernst Berendt Klangr\u00e4ume. Live in der Balver H\u00f6hle mit Pauline Oliveiros, Christian Bollmann, Gary Thomas, Markus Stockhausen, Jens Zygar, Obertonchor D\u00fcsseldorf, Joachim-Ernst Berendt. Network1996<\/p>\n<p>\u00bbKinduku\u00ab Lieder der Ashanti 1996 Eigenverlag CD<br \/>\nNeue christliche Musik aus Ghana, gesungen in Twi mit Trommelbegleitung.<br \/>\nInclusive aller Texte und \u00dcbersetzungen im ausf\u00fchrlichen Booklet.<\/p>\n<p>Earth Spirit\u00ab<br \/>\nLieder und T\u00e4nze amerikanischer Indianer, Oberton-Chor und viele verschiedene Trommeln, Percussion und Naturkl\u00e4nge.<br \/>\n1996 Lichthaus-Musik CD<\/p>\n<p>\u00bbAruna\u00ab<br \/>\nFusion alter indischer mit neuer europ\u00e4ischer Obertomusik mit Christian Bollmann, Michael Reimann und Aruna Sayeeram\/Bombay, aufgenommen in der Krypta der Benediktinerabtei K\u00f6nigsm\u00fcnster in Meschede.<br \/>\n1995 Lichthaus-Musik MC\/CD<\/p>\n<p>Kumasi Spiritual Choir. In Zusammenarbeit mit Ba Monimambu. Aufgenommen im September 1993 in St. Johannes in K\u00f6ln-Chorweiler. Selbstverlag 1993<\/p>\n<p>H\u00f6rerlebnis Kulturkarawane\u00ab (MC)<br \/>\nCollage \u2013 Hier beginnt meine Idee von der \u00bbKlanglandschaft\u00ab, in der die gesamte akustische Welt zum unersch\u00f6pflichen Reservoir des musikalischen Ausdrucks wird, erste Form anzunehmen.<\/p>\n<p>\u00bbSpirit Come\u00ab Oberton-Chor D\u00fcsseldorf<br \/>\nAufgenommen im Sakramentsturm der Benediktinerabtei K\u00f6nigsm\u00fcnster in Meschede.<br \/>\n1991\/1992 Network MC\/CD<\/p>\n","protected":false},"excerpt":{"rendered":"<p>\u00dcber die Jahre habe ich mit zahlreichen, sehr unterschiedlichen K\u00fcnstlern zusammengearbeitet, erw\u00e4hnt seien hier (in alphabetischer Abfolge) K\u00fcnstler, mit denen ich mehrfach zusammengearbeitet habe: Christian Bollmann, Enrique Diaz, Donatus Haus, Pilars de Pilar, Regina Sommer, mansarde77, Markus Stockhausen, Romeo Tudurache, &hellip; <a href=\"https:\/\/christoph-schumacher-klangkunst.de\/?page_id=33\">Weiterlesen <span class=\"meta-nav\">&rarr;<\/span><\/a><\/p>\n","protected":false},"author":1,"featured_media":0,"parent":0,"menu_order":0,"comment_status":"closed","ping_status":"closed","template":"","meta":{"footnotes":""},"class_list":["post-33","page","type-page","status-publish","hentry"],"_links":{"self":[{"href":"https:\/\/christoph-schumacher-klangkunst.de\/index.php?rest_route=\/wp\/v2\/pages\/33","targetHints":{"allow":["GET"]}}],"collection":[{"href":"https:\/\/christoph-schumacher-klangkunst.de\/index.php?rest_route=\/wp\/v2\/pages"}],"about":[{"href":"https:\/\/christoph-schumacher-klangkunst.de\/index.php?rest_route=\/wp\/v2\/types\/page"}],"author":[{"embeddable":true,"href":"https:\/\/christoph-schumacher-klangkunst.de\/index.php?rest_route=\/wp\/v2\/users\/1"}],"replies":[{"embeddable":true,"href":"https:\/\/christoph-schumacher-klangkunst.de\/index.php?rest_route=%2Fwp%2Fv2%2Fcomments&post=33"}],"version-history":[{"count":2,"href":"https:\/\/christoph-schumacher-klangkunst.de\/index.php?rest_route=\/wp\/v2\/pages\/33\/revisions"}],"predecessor-version":[{"id":190,"href":"https:\/\/christoph-schumacher-klangkunst.de\/index.php?rest_route=\/wp\/v2\/pages\/33\/revisions\/190"}],"wp:attachment":[{"href":"https:\/\/christoph-schumacher-klangkunst.de\/index.php?rest_route=%2Fwp%2Fv2%2Fmedia&parent=33"}],"curies":[{"name":"wp","href":"https:\/\/api.w.org\/{rel}","templated":true}]}}