{"id":137,"date":"2018-09-16T19:34:15","date_gmt":"2018-09-16T19:34:15","guid":{"rendered":"http:\/\/christoph-schumacher-klangkunst.de\/?page_id=137"},"modified":"2024-03-12T17:18:45","modified_gmt":"2024-03-12T17:18:45","slug":"fuer-wissensdurstige","status":"publish","type":"page","link":"https:\/\/christoph-schumacher-klangkunst.de\/?page_id=137","title":{"rendered":"Kurz Biographie"},"content":{"rendered":"\n<p>Geboren 1962 in K\u00f6ln studierte ich mit verschiedenen Lehrern und als Autodidakt Schlagzeug und andere Perkussionsinstrumente. Damals wie heute besch\u00e4ftige ich mich mit spiritueller, meditativer und ethnisch beeinflusster Musik in verschiedenen Gruppen und Projekten. Angef\u00fchrt sei hier der \u00bbOberton-Chor\u00ab unter Leitung von Christian Bollmann, die Musiker und Komponisten Enrique Diaz, Markus und Simon Stockhausen sowie die Zusammenarbeit mit dem Clowns &amp; Mimen Theater Bitze. Verschiedene Konzerttourneen und Theatergastspiele f\u00fchrten in unterschiedliche Erdteile und dabei mehrfach nach Westafrika. Zahlreiche CDs sind unter meiner Beteiligung entstanden. Weiterhin bet\u00e4tige ich mich lehrend z.B. f\u00fcr das Tanzatelier \u00bbSubsTanz\u00ab in der Schweiz und bin Inhaber eines Tonstudios.<br>\u201eDie Welt ist Klang \u2013 jeder Mensch hat eine individuelle und einzigartige, f\u00fcr die Gemeinschaft wichtige Stimme\u201c. Unter diesem Leitsatz steht meine Arbeit.<br>Als Percussionist habe ich mich stark mit au\u00dfereurop\u00e4ischen Musikkulturen besch\u00e4ftigt und hier den ganz anderen Stellenwert gerade der Trommeln erfahren. W\u00e4hrend in Deutschland der \u201eRhythmiker\u201c h\u00e4ufig nur ein Schattendasein in einer Gruppe fristet, sieht dies in Afrika oder Indien ganz anders aus. Hier sind Trommler hoch angesehene Personen, die bei keiner Feierlichkeit, keiner Zeremonie, keinem Ritual, fehlen d\u00fcrfen.<br>Diese Erfahrung hat dazu gef\u00fchrt, dass ich versuche, in meiner k\u00fcnstlerischen Arbeit nicht nur \u201ebegleitend\u201c t\u00e4tig zu sein, sondern die Trommel ganz bewusst als Impulsgeber und zur emotionalen Verst\u00e4rkung einzusetzen. Dies kommt besonders in meiner Arbeit mit der T\u00e4nzerin Vilma Vesseur zum Ausdruck, ebenso aber auch in meinen Soloauftritten und der Zusammenarbeit mit verschiedenen Musik- und Theatergruppen.<\/p>\n","protected":false},"excerpt":{"rendered":"<p>Geboren 1962 in K\u00f6ln studierte ich mit verschiedenen Lehrern und als Autodidakt Schlagzeug und andere Perkussionsinstrumente. Damals wie heute besch\u00e4ftige ich mich mit spiritueller, meditativer und ethnisch beeinflusster Musik in verschiedenen Gruppen und Projekten. Angef\u00fchrt sei hier der \u00bbOberton-Chor\u00ab unter &hellip; <a href=\"https:\/\/christoph-schumacher-klangkunst.de\/?page_id=137\">Weiterlesen <span class=\"meta-nav\">&rarr;<\/span><\/a><\/p>\n","protected":false},"author":1,"featured_media":0,"parent":0,"menu_order":0,"comment_status":"closed","ping_status":"closed","template":"","meta":{"footnotes":""},"class_list":["post-137","page","type-page","status-publish","hentry"],"_links":{"self":[{"href":"https:\/\/christoph-schumacher-klangkunst.de\/index.php?rest_route=\/wp\/v2\/pages\/137","targetHints":{"allow":["GET"]}}],"collection":[{"href":"https:\/\/christoph-schumacher-klangkunst.de\/index.php?rest_route=\/wp\/v2\/pages"}],"about":[{"href":"https:\/\/christoph-schumacher-klangkunst.de\/index.php?rest_route=\/wp\/v2\/types\/page"}],"author":[{"embeddable":true,"href":"https:\/\/christoph-schumacher-klangkunst.de\/index.php?rest_route=\/wp\/v2\/users\/1"}],"replies":[{"embeddable":true,"href":"https:\/\/christoph-schumacher-klangkunst.de\/index.php?rest_route=%2Fwp%2Fv2%2Fcomments&post=137"}],"version-history":[{"count":2,"href":"https:\/\/christoph-schumacher-klangkunst.de\/index.php?rest_route=\/wp\/v2\/pages\/137\/revisions"}],"predecessor-version":[{"id":318,"href":"https:\/\/christoph-schumacher-klangkunst.de\/index.php?rest_route=\/wp\/v2\/pages\/137\/revisions\/318"}],"wp:attachment":[{"href":"https:\/\/christoph-schumacher-klangkunst.de\/index.php?rest_route=%2Fwp%2Fv2%2Fmedia&parent=137"}],"curies":[{"name":"wp","href":"https:\/\/api.w.org\/{rel}","templated":true}]}}